what is 1021 - -1011?
2102
In base 9, what is 0 + 2711?
2711
In base 6, what is 105 - -35?
144
In base 5, what is -401 - 141?
-1042
In base 16, what is -10 - 55?
-65
In base 15, what is -2d7 + 4?
-2d3
In base 16, what is -32 + 1?
-31
In base 5, what is 103 + 3?
111
In base 6, what is -1302 - 103?
-1405
In base 5, what is -10 - -3004?
2444
In base 3, what is -10 + -10122000?
-10122010
In base 6, what is -3334 - 11?
-3345
In base 14, what is 51 - 1?
50
In base 9, what is 377 + -1?
376
In base 14, what is 8d43 - -1?
8d44
In base 6, what is -1 - 1553?
-1554
In base 16, what is 38 + 1?
39
In base 7, what is -3 - 216?
-222
In base 12, what is 19 - -17a?
197
In base 4, what is -23 - 133?
-222
In base 11, what is 772 - 3?
76a
In base 4, what is 1122023 - 0?
1122023
In base 15, what is 16a - 2?
168
In base 10, what is 17 - 2?
15
In base 14, what is 25c3 + -1?
25c2
In base 7, what is -43 + 0?
-43
In base 10, what is 2 - -96?
98
In base 2, what is 11 + 1100111?
1101010
In base 7, what is 32 + 144?
206
In base 8, what is 4 - 1317?
-1313
In base 14, what is -132 + -1b?
-14d
In base 3, what is -20 - -1212221?
1212201
In base 3, what is -11021 + -11?
-11102
In base 6, what is 2214 + -4?
2210
In base 3, what is 1122110 + 20?
1122200
In base 13, what is -13 + -16?
-29
In base 3, what is -20011 - 1?
-20012
In base 10, what is 6 - -40?
46
In base 9, what is -2 - -100?
87
In base 2, what is -1010 - -1000001?
110111
In base 8, what is 110 + -1?
107
In base 3, what is -12 + 1222012?
1222000
In base 2, what is 11011001010 - 111?
11011000011
In base 9, what is -4 - -1543?
1538
In base 8, what is 322 - 5?
315
In base 2, what is 1011001001 + 11?
1011001100
In base 12, what is -1 + -4b2?
-4b3
In base 14, what is 65 + -5?
60
In base 9, what is -5 - -50?
44
In base 13, what is -5 + 90?
88
In base 15, what is 16 - -a0?
b6
In base 2, what is 1101 + -11110010?
-11100101
In base 16, what is 12 + -1?
11
In base 12, what is 5 - -95?
9a
In base 10, what is 30 - 34?
-4
In base 5, what is 1122 + 33?
1210
In base 6, what is -312 + 21?
-251
In base 16, what is 4 + 83?
87
In base 5, what is 2 - -43?
100
In base 8, what is 133 + 1?
134
In base 15, what is 54db - -3?
54de
In base 4, what is 0 - -102222?
102222
In base 16, what is 0 - 44?
-44
In base 8, what is 5 - -10?
15
In base 3, what is 1 + -10002?
-10001
In base 4, what is -113201 + 0?
-113201
In base 9, what is 507 - 11?
486
In base 16, what is 5 + -15a?
-155
In base 5, what is 104132 - -2?
104134
In base 12, what is 2 + -105?
-103
In base 16, what is 1 - 1d?
-1c
In base 14, what is 76c + -9?
763
In base 9, what is 5 - -22?
27
In base 6, what is -4120 + 12?
-4104
In base 3, what is -1122211 - -1?
-1122210
In base 2, what is -11 - 10011?
-10110
In base 12, what is -210 - 12?
-222
In base 16, what is -20 - -31?
11
In base 5, what is 40 - 3404?
-3314
In base 4, what is 10 - 12?
-2
In base 12, what is 24 + -3?
21
In base 7, what is 1245 + 43?
1321
In base 6, what is 3 - -134?
141
In base 6, what is -3 + 2131?
2124
In base 8, what is 5 - 10073?
-10066
In base 6, what is -1151 + -3?
-1154
In base 16, what is -30c + -1?
-30d
In base 10, what is 84 - -2?
86
In base 5, what is -43341 + 0?
-43341
In base 5, what is 11 - 402?
-341
In base 6, what is -2 - 235?
-241
In base 7, what is -104 + -132?
-236
In base 9, what is -8 - 1385?
-1404
In base 4, what is 300 - 2200?
-1300
In base 16, what is 8 - 0?
8
In base 3, what is -102 - -2212101?
2211222
In base 11, what is 637 - 2?
635
In base 6, what is 4 + -1000?
-552
In base 11, what is 4 - 134?
-130
In base 16, what is -1a02 + 4?
-19fe
In base 8, what is -25 + -5?
-32
In base 16, what is 1da + -12?
1c8
In base 12, what is -1764 + 3?
-1761
In base 4, what is -2 + -102023?
-102031
In base 8, what is -35 - -21?
-14
In base 12, what is -2 - -18?
16
In base 16, what is -5 + -1a5?
-1aa
In base 12, what is -156 + -b6?
-250
In base 7, what is 12460 - 2?
12455
In base 4, what is 20 - 1321?
-1301
In base 7, what is -4 + -22?
-26
In base 8, what is 26 - -1077?
1125
In base 16, what is -10d6 + -3?
-10d9
In base 16, what is 447c + 1?
447d
In base 14, what is b00 - -3?
b03
In base 15, what is -1d - -32?
14
In base 7, what is -3 + -12525?
-12531
In base 4, what is -22 - -11?
-11
In base 15, what is -7a + -60?
-da
In base 9, what is -2 - 52?
-54
In base 4, what is -10 + -121131?
-121201
In base 6, what is -5 + -34555?
-35004
In base 8, what is 1371 - -3?
1374
In base 2, what is 1 - 110011110110?
-110011110101
In base 9, what is 36 - 7?
28
In base 16, what is 2 - 1962?
-1960
In base 11, what is -5 + 757?
752
In base 6, what is 2543 - -15?
3002
In base 13, what is -7 + -86a?
-874
In base 8, what is -25 - -103?
56
In base 14, what is -2 + -19?
-1b
In base 10, what is -1034 + 2?
-1032
In base 4, what is -13 + -321012?
-321031
In base 15, what is 2 - -47?
49
In base 3, what is -10 - 112?
-122
In base 2, what is -11101111 + 100?
-11101011
In base 10, what is -6 + 2541?
2535
In base 11, what is -2 - -9a6?
9a4
In base 2, what is -1011001001111 - 10?
-1011001010001
In base 11, what is -2354 + 5?
-234a
In base 9, what is 700 - -2?
702
In base 6, what is -20151 - -5?
-20142
In base 10, what is -7 + 2919?
2912
In base 14, what is -b + 58?
4b
In base 15, what is -59 - -16?
-43
In base 13, what is -3 + b?
8
In base 15, what is -28c - 4?
-291
In base 4, what is -33 + 1032?
333
In base 10, what is -2 + -1374?
-1376
In base 13, what is 622 + 2?
624
In base 14, what is -2 + 32a?
328
In base 6, what is 2 - -154?
200
In base 12, what is -12 - 28?
-3a
In base 15, what is 1 + -58?
-57
In base 2, what is -1001 - -1?
-1000
In base 14, what is bb8 - 9?
bad
In base 16, what is 3 + 32?
35
In base 9, what is -10 + -66?
-76
In base 2, what is 101 + -1111100?
-1110111
In base 2, what is -11101001 + 1010?
-11011111
In base 5, what is -3 + -1100?
-1103
In base 4, what is 11302020 - -11?
11302031
In base 11, what is -a - 54?
-63
In base 16, what is 282d - 2?
282b
In base 9, what is -2024 - -1?
-2023
In base 7, what is -162 + -15?
-210
In base 7, what is -16313 - 2?
-16315
In base 16, what is 0 - c?
-c
In base 6, what is -1 + 122?
121
In base 13, what is -1 + 61?
60
In base 15, what is 148 + 0?
148
In base 9, what is 124 - 5?
118
In base 10, what is -29 - -2?
-27
In base 10, what is -2597 - -5?
-2592
In base 8, what is 140 - 2?
136
In base 7, what is 53014 + 0?
53014
In base 14, what is -1a + 85c?
842
In base 8, what is 2724 - 3?
2721
In base 16, what is 3 + c?
f
In base 11, what is -9 + -1?
-a
In base 10, what is 102 + -4?
98
In base 11, what is 339 + -2?
337
In base 8, what is 2 - -6401?
6403
In base 10, what is 410 + 17?
427
In base 9, what is -143 - 7?
-151
In base 7, what is 4 + -24662?
-24655
In base 9, what is 5 + -27?
-22
In base 16, what is 86 + 3?
89
In base 9, what is 4518 - -2?
4521
In base 13, what is 0 - -4?
4
In base 16, what is e - 25?
-17
In base 4, what is -212010 + -2?
-212012
In base 9, what is -8504 + 2?
-8502
In base 3, what is -2010 - -12?
-1221
In base 8, what is 21 + 67?
110
In base 8, what is -6 - 4?
-12
In base 14, what is 31 - 1?
30
In base 13, what is 5 - -136?
13b
In base 8, what is -4 - 70?
-74
In base 5, what is 1302311 + -3?
1302303
In base 4, what is -10 - -2222?
2212
In base 12, what is 154a - 3?
1547
In base 13, what is -30 - -6?
-27
In base 4, what is -322300 + 13?
-322221
In base 11, what is 7719 + -4?
7715
In base 5, what is -232 - 2?
-234
In base 8, what is 1267 - -2?
1271
In base 13, what is 875 + -2?
873
In base 12, what is -40 - -7?
-35
In base 14, what is 3 - -20?
23
In base 5, what is -4301 + -4?
-4310
In base 7, what is 3 + -1021?
-1015
In base 15, what is 1c7 - 5?
1c2
In base 11, what is 2 + aa8?
aaa
In base 14, what is 3 + -85?
-82
In base 4, what is 331 - -1233?
2230
In base 8, what is 702 - 2?
700
In base 8, what is 100 + 6?
106
In base 11, what is -5 + 35?
30
In base 13, what is -4 + -69a?
-6a1
In base 15, what is -2 - -138?
136
In base 10, what is 7731 - -1?
7732
In base 12, what is 74 + 41?
b5
In base 13, what is -9 - 24?
-30
In base 3, what is 111201 - 2121?
102010
In base 13, what is 5 - 66?
-61
In base 14, what is 1 + 253?
254
In base 5, what is -34 + 24?
-10
In base 15, what is -17 + -170?
-187
In base 2, what is -10011 + 100001?
1110
In base 4, what is -13220 - 0?
-13220
In base 16, 